{"id":11546,"date":"2024-10-23T17:08:14","date_gmt":"2024-10-23T21:08:14","guid":{"rendered":"https:\/\/cybersavoir4.cssdm.gouv.qc.ca\/bibliotheque\/?page_id=11546"},"modified":"2025-10-21T14:45:36","modified_gmt":"2025-10-21T18:45:36","slug":"suggestions-lectures","status":"publish","type":"page","link":"https:\/\/cybersavoir4.cssdm.gouv.qc.ca\/bibliotheque\/suggestions-lectures\/","title":{"rendered":"Suggestions de lectures"},"content":{"rendered":"<h2 style=\"text-align: center\">Bienvenus !<\/h2>\n<p>Vous trouverez ici\u00a0 des suggestions de lecture ainsi que des bibliographies, des r\u00e9seaux litt\u00e9raires, des activit\u00e9s litt\u00e9raires comprenant des planifications, etc. Le tout cr\u00e9\u00e9e par des biblioth\u00e9caires et des CP Fran\u00e7ais.<\/p>\n\n\n<div class=\"wp-block-columns is-layout-flex wp-container-core-columns-is-layout-1 wp-block-columns-is-layout-flex\">\n<div class=\"wp-block-column is-layout-flow wp-block-column-is-layout-flow\">\n<div class=\"wp-block-cover is-light\"><span aria-hidden=\"true\" class=\"wp-block-cover__background has-background-dim\" style=\"background-color:#b7b1a8\"><\/span><img loading=\"lazy\" decoding=\"async\" width=\"853\" height=\"1280\" class=\"wp-block-cover__image-background wp-image-13201\" alt=\"\" src=\"http:\/\/cybersavoir4.cssdm.gouv.qc.ca\/bibliotheque\/wp-content\/uploads\/sites\/2\/2025\/10\/bibliographies2.jpg\" data-object-fit=\"cover\" srcset=\"https:\/\/cybersavoir4.cssdm.gouv.qc.ca\/bibliotheque\/wp-content\/uploads\/sites\/2\/2025\/10\/bibliographies2.jpg 853w, https:\/\/cybersavoir4.cssdm.gouv.qc.ca\/bibliotheque\/wp-content\/uploads\/sites\/2\/2025\/10\/bibliographies2-200x300.jpg 200w, https:\/\/cybersavoir4.cssdm.gouv.qc.ca\/bibliotheque\/wp-content\/uploads\/sites\/2\/2025\/10\/bibliographies2-682x1024.jpg 682w, https:\/\/cybersavoir4.cssdm.gouv.qc.ca\/bibliotheque\/wp-content\/uploads\/sites\/2\/2025\/10\/bibliographies2-768x1152.jpg 768w\" sizes=\"auto, (max-width: 853px) 100vw, 853px\" \/><div class=\"wp-block-cover__inner-container has-global-padding is-layout-constrained wp-block-cover-is-layout-constrained\">\n<p class=\"has-text-align-center is-style-text-annotation has-large-font-size is-style-text-annotation--1\"><a href=\"https:\/\/cybersavoir4.cssdm.gouv.qc.ca\/bibliotheque\/category\/bibliographies\/\" data-type=\"category\" data-id=\"3\" target=\"_blank\" rel=\"noreferrer noopener\">Bibliographies<\/a><\/p>\n<\/div><\/div>\n<\/div>\n\n\n\n<div class=\"wp-block-column is-layout-flow wp-block-column-is-layout-flow\">\n<div class=\"wp-block-cover\"><span aria-hidden=\"true\" class=\"wp-block-cover__background has-background-dim\" style=\"background-color:#746265\"><\/span><img loading=\"lazy\" decoding=\"async\" width=\"1280\" height=\"1183\" class=\"wp-block-cover__image-background wp-image-13200\" alt=\"\" src=\"https:\/\/cybersavoir4.cssdm.gouv.qc.ca\/bibliotheque\/wp-content\/uploads\/sites\/2\/2025\/10\/coups-de-coeur.jpg\" data-object-fit=\"cover\" srcset=\"https:\/\/cybersavoir4.cssdm.gouv.qc.ca\/bibliotheque\/wp-content\/uploads\/sites\/2\/2025\/10\/coups-de-coeur.jpg 1280w, https:\/\/cybersavoir4.cssdm.gouv.qc.ca\/bibliotheque\/wp-content\/uploads\/sites\/2\/2025\/10\/coups-de-coeur-300x277.jpg 300w, https:\/\/cybersavoir4.cssdm.gouv.qc.ca\/bibliotheque\/wp-content\/uploads\/sites\/2\/2025\/10\/coups-de-coeur-1024x946.jpg 1024w, https:\/\/cybersavoir4.cssdm.gouv.qc.ca\/bibliotheque\/wp-content\/uploads\/sites\/2\/2025\/10\/coups-de-coeur-768x710.jpg 768w\" sizes=\"auto, (max-width: 1280px) 100vw, 1280px\" \/><div class=\"wp-block-cover__inner-container has-global-padding is-layout-constrained wp-block-cover-is-layout-constrained\">\n<p class=\"has-text-align-center is-style-text-annotation has-large-font-size is-style-text-annotation--2\"><a href=\"https:\/\/cybersavoir4.cssdm.gouv.qc.ca\/bibliotheque\/category\/coups-de-coeur\/\" data-type=\"category\" data-id=\"9\" target=\"_blank\" rel=\"noreferrer noopener\"><strong>Coups de c\u0153ur<\/strong><\/a><\/p>\n<\/div><\/div>\n<\/div>\n<\/div>\n\n\n\n<div class=\"wp-block-columns is-layout-flex wp-container-core-columns-is-layout-2 wp-block-columns-is-layout-flex\">\n<div class=\"wp-block-column is-layout-flow wp-block-column-is-layout-flow\">\n<div class=\"wp-block-cover\"><span aria-hidden=\"true\" class=\"wp-block-cover__background has-background-dim\" style=\"background-color:#7e756a\"><\/span><img loading=\"lazy\" decoding=\"async\" width=\"854\" height=\"1280\" class=\"wp-block-cover__image-background wp-image-13202\" alt=\"\" src=\"https:\/\/cybersavoir4.cssdm.gouv.qc.ca\/bibliotheque\/wp-content\/uploads\/sites\/2\/2025\/10\/ccq_lectures.jpg\" data-object-fit=\"cover\" srcset=\"https:\/\/cybersavoir4.cssdm.gouv.qc.ca\/bibliotheque\/wp-content\/uploads\/sites\/2\/2025\/10\/ccq_lectures.jpg 854w, https:\/\/cybersavoir4.cssdm.gouv.qc.ca\/bibliotheque\/wp-content\/uploads\/sites\/2\/2025\/10\/ccq_lectures-200x300.jpg 200w, https:\/\/cybersavoir4.cssdm.gouv.qc.ca\/bibliotheque\/wp-content\/uploads\/sites\/2\/2025\/10\/ccq_lectures-683x1024.jpg 683w, https:\/\/cybersavoir4.cssdm.gouv.qc.ca\/bibliotheque\/wp-content\/uploads\/sites\/2\/2025\/10\/ccq_lectures-768x1151.jpg 768w\" sizes=\"auto, (max-width: 854px) 100vw, 854px\" \/><div class=\"wp-block-cover__inner-container has-global-padding is-layout-constrained wp-block-cover-is-layout-constrained\">\n<p class=\"has-text-align-center is-style-text-annotation has-large-font-size is-style-text-annotation--3\"><a href=\"https:\/\/csdma.sharepoint.com\/sites\/LittratureJeunesseCCQ\" data-type=\"link\" data-id=\"https:\/\/csdma.sharepoint.com\/sites\/LittratureJeunesseCCQ\" target=\"_blank\" rel=\"noreferrer noopener\"><strong>S\u00e9lection CCQ<\/strong><\/a><\/p>\n<\/div><\/div>\n<\/div>\n\n\n\n<div class=\"wp-block-column is-layout-flow wp-block-column-is-layout-flow\">\n<div class=\"wp-block-cover is-light\"><span aria-hidden=\"true\" class=\"wp-block-cover__background has-background-dim\" style=\"background-color:#a5a8ab\"><\/span><img loading=\"lazy\" decoding=\"async\" width=\"1280\" height=\"1280\" class=\"wp-block-cover__image-background wp-image-13203\" alt=\"\" src=\"https:\/\/cybersavoir4.cssdm.gouv.qc.ca\/bibliotheque\/wp-content\/uploads\/sites\/2\/2025\/10\/francaissecondaire.jpg\" data-object-fit=\"cover\" srcset=\"https:\/\/cybersavoir4.cssdm.gouv.qc.ca\/bibliotheque\/wp-content\/uploads\/sites\/2\/2025\/10\/francaissecondaire.jpg 1280w, https:\/\/cybersavoir4.cssdm.gouv.qc.ca\/bibliotheque\/wp-content\/uploads\/sites\/2\/2025\/10\/francaissecondaire-300x300.jpg 300w, https:\/\/cybersavoir4.cssdm.gouv.qc.ca\/bibliotheque\/wp-content\/uploads\/sites\/2\/2025\/10\/francaissecondaire-1024x1024.jpg 1024w, https:\/\/cybersavoir4.cssdm.gouv.qc.ca\/bibliotheque\/wp-content\/uploads\/sites\/2\/2025\/10\/francaissecondaire-150x150.jpg 150w, https:\/\/cybersavoir4.cssdm.gouv.qc.ca\/bibliotheque\/wp-content\/uploads\/sites\/2\/2025\/10\/francaissecondaire-768x768.jpg 768w\" sizes=\"auto, (max-width: 1280px) 100vw, 1280px\" \/><div class=\"wp-block-cover__inner-container has-global-padding is-layout-constrained wp-block-cover-is-layout-constrained\">\n<p class=\"has-text-align-center is-style-text-annotation has-large-font-size is-style-text-annotation--4\"><a href=\"https:\/\/csdma.sharepoint.com\/:l:\/r\/sites\/FranaisausecondaireauCSSDM\/Lists\/uvres?e=zLSM7v\" data-type=\"link\" data-id=\"https:\/\/csdma.sharepoint.com\/:l:\/r\/sites\/FranaisausecondaireauCSSDM\/Lists\/uvres?e=zLSM7v\" target=\"_blank\" rel=\"noreferrer noopener\"><strong>Fran\u00e7ais au secondaire<\/strong><\/a><\/p>\n<\/div><\/div>\n<\/div>\n<\/div>\n\n\n\n<div class=\"wp-block-columns is-layout-flex wp-container-core-columns-is-layout-3 wp-block-columns-is-layout-flex\">\n<div class=\"wp-block-column is-layout-flow wp-block-column-is-layout-flow\">\n<div class=\"wp-block-cover is-light\"><span aria-hidden=\"true\" class=\"wp-block-cover__background has-background-dim\" style=\"background-color:#bec2a7\"><\/span><img loading=\"lazy\" decoding=\"async\" width=\"281\" height=\"280\" class=\"wp-block-cover__image-background wp-image-10637\" alt=\"\" src=\"http:\/\/cybersavoir4.cssdm.gouv.qc.ca\/bibliotheque\/wp-content\/uploads\/sites\/2\/2022\/09\/Club-litteraire.jpg\" data-object-fit=\"cover\" srcset=\"https:\/\/cybersavoir4.cssdm.gouv.qc.ca\/bibliotheque\/wp-content\/uploads\/sites\/2\/2022\/09\/Club-litteraire.jpg 281w, https:\/\/cybersavoir4.cssdm.gouv.qc.ca\/bibliotheque\/wp-content\/uploads\/sites\/2\/2022\/09\/Club-litteraire-150x150.jpg 150w\" sizes=\"auto, (max-width: 281px) 100vw, 281px\" \/><div class=\"wp-block-cover__inner-container has-global-padding is-layout-constrained wp-block-cover-is-layout-constrained\">\n<p class=\"has-text-align-center is-style-text-annotation has-large-font-size is-style-text-annotation--5\"><a href=\"https:\/\/cybersavoir4.cssdm.gouv.qc.ca\/bibliotheque\/club-litteraire\/\" data-type=\"page\" data-id=\"10511\" target=\"_blank\" rel=\"noreferrer noopener\"><strong>Club litt\u00e9raire<\/strong><\/a><\/p>\n<\/div><\/div>\n<\/div>\n\n\n\n<div class=\"wp-block-column is-layout-flow wp-block-column-is-layout-flow\">\n<div class=\"wp-block-cover is-light\"><span aria-hidden=\"true\" class=\"wp-block-cover__background has-background-dim\" style=\"background-color:#af9184\"><\/span><img loading=\"lazy\" decoding=\"async\" width=\"2016\" height=\"1512\" class=\"wp-block-cover__image-background wp-image-10291\" alt=\"\" src=\"http:\/\/cybersavoir4.cssdm.gouv.qc.ca\/bibliotheque\/wp-content\/uploads\/sites\/2\/2022\/01\/Des-livres-rouges.jpg\" data-object-fit=\"cover\" srcset=\"https:\/\/cybersavoir4.cssdm.gouv.qc.ca\/bibliotheque\/wp-content\/uploads\/sites\/2\/2022\/01\/Des-livres-rouges.jpg 2016w, https:\/\/cybersavoir4.cssdm.gouv.qc.ca\/bibliotheque\/wp-content\/uploads\/sites\/2\/2022\/01\/Des-livres-rouges-300x225.jpg 300w, https:\/\/cybersavoir4.cssdm.gouv.qc.ca\/bibliotheque\/wp-content\/uploads\/sites\/2\/2022\/01\/Des-livres-rouges-1024x768.jpg 1024w, https:\/\/cybersavoir4.cssdm.gouv.qc.ca\/bibliotheque\/wp-content\/uploads\/sites\/2\/2022\/01\/Des-livres-rouges-768x576.jpg 768w, https:\/\/cybersavoir4.cssdm.gouv.qc.ca\/bibliotheque\/wp-content\/uploads\/sites\/2\/2022\/01\/Des-livres-rouges-1536x1152.jpg 1536w\" sizes=\"auto, (max-width: 2016px) 100vw, 2016px\" \/><div class=\"wp-block-cover__inner-container has-global-padding is-layout-constrained wp-block-cover-is-layout-constrained\">\n<p class=\"has-text-align-center is-style-text-annotation has-large-font-size is-style-text-annotation--6\"><a href=\"https:\/\/csdma.sharepoint.com\/sites\/DouanceCSSDM\/SitePages\/Lectures.aspx?source=https%3a\/\/csdma.sharepoint.com\/sites\/DouanceCSSDM\/SitePages\/Forms\/ByAuthor.aspx\" data-type=\"link\" data-id=\"https:\/\/csdma.sharepoint.com\/sites\/DouanceCSSDM\/SitePages\/Lectures.aspx?source=https%3a\/\/csdma.sharepoint.com\/sites\/DouanceCSSDM\/SitePages\/Forms\/ByAuthor.aspx\" target=\"_blank\" rel=\"noreferrer noopener\"><strong>Lectures sur la douance<\/strong><\/a><\/p>\n<\/div><\/div>\n<\/div>\n<\/div>\n\n\n\n<p><\/p>\n","protected":false},"excerpt":{"rendered":"<p>Bienvenus ! Vous trouverez ici\u00a0 des suggestions de lecture ainsi que des bibliographies, des r\u00e9seaux litt\u00e9raires, des activit\u00e9s litt\u00e9raires comprenant des planifications, etc. Le tout cr\u00e9\u00e9e par des biblioth\u00e9caires et des CP Fran\u00e7ais.<\/p>\n","protected":false},"author":0,"featured_media":1,"parent":0,"menu_order":0,"comment_status":"closed","ping_status":"closed","template":"","meta":{"footnotes":""},"class_list":["post-11546","page","type-page","status-publish","has-post-thumbnail","hentry"],"_links":{"self":[{"href":"https:\/\/cybersavoir4.cssdm.gouv.qc.ca\/bibliotheque\/wp-json\/wp\/v2\/pages\/11546","targetHints":{"allow":["GET"]}}],"collection":[{"href":"https:\/\/cybersavoir4.cssdm.gouv.qc.ca\/bibliotheque\/wp-json\/wp\/v2\/pages"}],"about":[{"href":"https:\/\/cybersavoir4.cssdm.gouv.qc.ca\/bibliotheque\/wp-json\/wp\/v2\/types\/page"}],"replies":[{"embeddable":true,"href":"https:\/\/cybersavoir4.cssdm.gouv.qc.ca\/bibliotheque\/wp-json\/wp\/v2\/comments?post=11546"}],"version-history":[{"count":12,"href":"https:\/\/cybersavoir4.cssdm.gouv.qc.ca\/bibliotheque\/wp-json\/wp\/v2\/pages\/11546\/revisions"}],"predecessor-version":[{"id":13216,"href":"https:\/\/cybersavoir4.cssdm.gouv.qc.ca\/bibliotheque\/wp-json\/wp\/v2\/pages\/11546\/revisions\/13216"}],"wp:featuredmedia":[{"embeddable":true,"href":"https:\/\/cybersavoir4.cssdm.gouv.qc.ca\/bibliotheque\/wp-json\/"}],"wp:attachment":[{"href":"https:\/\/cybersavoir4.cssdm.gouv.qc.ca\/bibliotheque\/wp-json\/wp\/v2\/media?parent=11546"}],"curies":[{"name":"wp","href":"https:\/\/api.w.org\/{rel}","templated":true}]}}