{"id":10034,"date":"2021-11-01T08:22:19","date_gmt":"2021-11-01T12:22:19","guid":{"rendered":"https:\/\/cybersavoir4.cssdm.gouv.qc.ca\/bibliotheque\/?page_id=10034"},"modified":"2025-05-06T21:48:29","modified_gmt":"2025-05-06T19:48:29","slug":"livroooum","status":"publish","type":"page","link":"https:\/\/cybersavoir4.cssdm.gouv.qc.ca\/bibliotheque\/livroooum\/","title":{"rendered":"Livroooum"},"content":{"rendered":"\n<h2 class=\"wp-block-heading alignwide\" style=\"font-size:clamp(0.984rem, 0.984rem + ((1vw - 0.2rem) * 0.809), 1.5rem);\"><strong>Le Livroooum !<\/strong><\/h2>\n\n\n\n<div class=\"wp-block-columns alignwide is-layout-flex wp-container-core-columns-is-layout-1 wp-block-columns-is-layout-flex\">\n<div class=\"wp-block-column is-layout-flow wp-block-column-is-layout-flow\">\n<figure class=\"wp-block-embed alignwide is-type-video is-provider-youtube wp-block-embed-youtube wp-embed-aspect-16-9 wp-has-aspect-ratio\"><div class=\"wp-block-embed__wrapper\">\n<iframe loading=\"lazy\" title=\"Livroooum CSSDM\" width=\"500\" height=\"281\" src=\"https:\/\/www.youtube.com\/embed\/P8ZLa8KjYw8?feature=oembed\" frameborder=\"0\" allow=\"accelerometer; autoplay; clipboard-write; encrypted-media; gyroscope; picture-in-picture; web-share\" referrerpolicy=\"strict-origin-when-cross-origin\" allowfullscreen><\/iframe>\n<\/div><\/figure>\n<\/div>\n\n\n\n<div class=\"wp-block-column is-layout-flow wp-block-column-is-layout-flow\"><\/div>\n<\/div>\n\n\n\n<div style=\"height:20px\" aria-hidden=\"true\" class=\"wp-block-spacer\"><\/div>\n\n\n\n<figure class=\"wp-block-image size-large\"><img loading=\"lazy\" decoding=\"async\" width=\"1024\" height=\"512\" src=\"https:\/\/cybersavoir4.cssdm.gouv.qc.ca\/bibliotheque\/wp-content\/uploads\/sites\/2\/2024\/06\/Ariane-vol-BR-1024x512.jpg\" alt=\"\" class=\"wp-image-11446\" srcset=\"https:\/\/cybersavoir4.cssdm.gouv.qc.ca\/bibliotheque\/wp-content\/uploads\/sites\/2\/2024\/06\/Ariane-vol-BR-1024x512.jpg 1024w, https:\/\/cybersavoir4.cssdm.gouv.qc.ca\/bibliotheque\/wp-content\/uploads\/sites\/2\/2024\/06\/Ariane-vol-BR-300x150.jpg 300w, https:\/\/cybersavoir4.cssdm.gouv.qc.ca\/bibliotheque\/wp-content\/uploads\/sites\/2\/2024\/06\/Ariane-vol-BR-768x384.jpg 768w, https:\/\/cybersavoir4.cssdm.gouv.qc.ca\/bibliotheque\/wp-content\/uploads\/sites\/2\/2024\/06\/Ariane-vol-BR-1536x768.jpg 1536w, https:\/\/cybersavoir4.cssdm.gouv.qc.ca\/bibliotheque\/wp-content\/uploads\/sites\/2\/2024\/06\/Ariane-vol-BR-2048x1024.jpg 2048w\" sizes=\"auto, (max-width: 1024px) 100vw, 1024px\" \/><\/figure>\n\n\n\n<figure class=\"wp-block-gallery has-nested-images columns-5 is-cropped wp-block-gallery-1 is-layout-flex wp-block-gallery-is-layout-flex\">\n<figure class=\"wp-block-image size-large\"><img loading=\"lazy\" decoding=\"async\" width=\"1024\" height=\"768\" data-id=\"10494\" src=\"https:\/\/cybersavoir4.cssdm.gouv.qc.ca\/bibliotheque\/wp-content\/uploads\/sites\/2\/2022\/05\/20220518_134355-1024x768.jpg\" alt=\"\" class=\"wp-image-10494\" srcset=\"https:\/\/cybersavoir4.cssdm.gouv.qc.ca\/bibliotheque\/wp-content\/uploads\/sites\/2\/2022\/05\/20220518_134355-1024x768.jpg 1024w, https:\/\/cybersavoir4.cssdm.gouv.qc.ca\/bibliotheque\/wp-content\/uploads\/sites\/2\/2022\/05\/20220518_134355-300x225.jpg 300w, https:\/\/cybersavoir4.cssdm.gouv.qc.ca\/bibliotheque\/wp-content\/uploads\/sites\/2\/2022\/05\/20220518_134355-768x576.jpg 768w, https:\/\/cybersavoir4.cssdm.gouv.qc.ca\/bibliotheque\/wp-content\/uploads\/sites\/2\/2022\/05\/20220518_134355-1536x1152.jpg 1536w, https:\/\/cybersavoir4.cssdm.gouv.qc.ca\/bibliotheque\/wp-content\/uploads\/sites\/2\/2022\/05\/20220518_134355-2048x1536.jpg 2048w\" sizes=\"auto, (max-width: 1024px) 100vw, 1024px\" \/><\/figure>\n\n\n\n<figure class=\"wp-block-image size-large\"><img loading=\"lazy\" decoding=\"async\" width=\"1024\" height=\"768\" data-id=\"11447\" src=\"https:\/\/cybersavoir4.cssdm.gouv.qc.ca\/bibliotheque\/wp-content\/uploads\/sites\/2\/2024\/06\/arianeBR-1024x768.jpg\" alt=\"\" class=\"wp-image-11447\" srcset=\"https:\/\/cybersavoir4.cssdm.gouv.qc.ca\/bibliotheque\/wp-content\/uploads\/sites\/2\/2024\/06\/arianeBR-1024x768.jpg 1024w, https:\/\/cybersavoir4.cssdm.gouv.qc.ca\/bibliotheque\/wp-content\/uploads\/sites\/2\/2024\/06\/arianeBR-300x225.jpg 300w, https:\/\/cybersavoir4.cssdm.gouv.qc.ca\/bibliotheque\/wp-content\/uploads\/sites\/2\/2024\/06\/arianeBR-768x576.jpg 768w, https:\/\/cybersavoir4.cssdm.gouv.qc.ca\/bibliotheque\/wp-content\/uploads\/sites\/2\/2024\/06\/arianeBR-1536x1152.jpg 1536w, https:\/\/cybersavoir4.cssdm.gouv.qc.ca\/bibliotheque\/wp-content\/uploads\/sites\/2\/2024\/06\/arianeBR-2048x1536.jpg 2048w\" sizes=\"auto, (max-width: 1024px) 100vw, 1024px\" \/><\/figure>\n\n\n\n<figure class=\"wp-block-image size-large\"><img loading=\"lazy\" decoding=\"async\" width=\"1024\" height=\"461\" data-id=\"10475\" src=\"https:\/\/cybersavoir4.cssdm.gouv.qc.ca\/bibliotheque\/wp-content\/uploads\/sites\/2\/2022\/05\/20220510_140240-1024x461.jpg\" alt=\"\" class=\"wp-image-10475\" srcset=\"https:\/\/cybersavoir4.cssdm.gouv.qc.ca\/bibliotheque\/wp-content\/uploads\/sites\/2\/2022\/05\/20220510_140240-1024x461.jpg 1024w, https:\/\/cybersavoir4.cssdm.gouv.qc.ca\/bibliotheque\/wp-content\/uploads\/sites\/2\/2022\/05\/20220510_140240-300x135.jpg 300w, https:\/\/cybersavoir4.cssdm.gouv.qc.ca\/bibliotheque\/wp-content\/uploads\/sites\/2\/2022\/05\/20220510_140240-768x346.jpg 768w, https:\/\/cybersavoir4.cssdm.gouv.qc.ca\/bibliotheque\/wp-content\/uploads\/sites\/2\/2022\/05\/20220510_140240-1536x691.jpg 1536w, https:\/\/cybersavoir4.cssdm.gouv.qc.ca\/bibliotheque\/wp-content\/uploads\/sites\/2\/2022\/05\/20220510_140240-2048x922.jpg 2048w\" sizes=\"auto, (max-width: 1024px) 100vw, 1024px\" \/><\/figure>\n\n\n\n<figure class=\"wp-block-image size-large\"><img loading=\"lazy\" decoding=\"async\" width=\"1024\" height=\"461\" data-id=\"10473\" src=\"https:\/\/cybersavoir4.cssdm.gouv.qc.ca\/bibliotheque\/wp-content\/uploads\/sites\/2\/2022\/05\/20220510_122955-1024x461.jpg\" alt=\"\" class=\"wp-image-10473\" srcset=\"https:\/\/cybersavoir4.cssdm.gouv.qc.ca\/bibliotheque\/wp-content\/uploads\/sites\/2\/2022\/05\/20220510_122955-1024x461.jpg 1024w, https:\/\/cybersavoir4.cssdm.gouv.qc.ca\/bibliotheque\/wp-content\/uploads\/sites\/2\/2022\/05\/20220510_122955-300x135.jpg 300w, https:\/\/cybersavoir4.cssdm.gouv.qc.ca\/bibliotheque\/wp-content\/uploads\/sites\/2\/2022\/05\/20220510_122955-768x346.jpg 768w, https:\/\/cybersavoir4.cssdm.gouv.qc.ca\/bibliotheque\/wp-content\/uploads\/sites\/2\/2022\/05\/20220510_122955-1536x691.jpg 1536w, https:\/\/cybersavoir4.cssdm.gouv.qc.ca\/bibliotheque\/wp-content\/uploads\/sites\/2\/2022\/05\/20220510_122955-2048x922.jpg 2048w\" sizes=\"auto, (max-width: 1024px) 100vw, 1024px\" \/><\/figure>\n\n\n\n<figure class=\"wp-block-image size-large\"><img loading=\"lazy\" decoding=\"async\" width=\"1024\" height=\"768\" data-id=\"10478\" src=\"https:\/\/cybersavoir4.cssdm.gouv.qc.ca\/bibliotheque\/wp-content\/uploads\/sites\/2\/2022\/05\/MicrosoftTeams-image-17-1024x768.jpg\" alt=\"\" class=\"wp-image-10478\" srcset=\"https:\/\/cybersavoir4.cssdm.gouv.qc.ca\/bibliotheque\/wp-content\/uploads\/sites\/2\/2022\/05\/MicrosoftTeams-image-17-1024x768.jpg 1024w, https:\/\/cybersavoir4.cssdm.gouv.qc.ca\/bibliotheque\/wp-content\/uploads\/sites\/2\/2022\/05\/MicrosoftTeams-image-17-300x225.jpg 300w, https:\/\/cybersavoir4.cssdm.gouv.qc.ca\/bibliotheque\/wp-content\/uploads\/sites\/2\/2022\/05\/MicrosoftTeams-image-17-768x576.jpg 768w, https:\/\/cybersavoir4.cssdm.gouv.qc.ca\/bibliotheque\/wp-content\/uploads\/sites\/2\/2022\/05\/MicrosoftTeams-image-17-1536x1152.jpg 1536w, https:\/\/cybersavoir4.cssdm.gouv.qc.ca\/bibliotheque\/wp-content\/uploads\/sites\/2\/2022\/05\/MicrosoftTeams-image-17-2048x1536.jpg 2048w\" sizes=\"auto, (max-width: 1024px) 100vw, 1024px\" \/><\/figure>\n\n\n\n<figure class=\"wp-block-image size-large\"><img loading=\"lazy\" decoding=\"async\" width=\"1024\" height=\"461\" data-id=\"10470\" src=\"https:\/\/cybersavoir4.cssdm.gouv.qc.ca\/bibliotheque\/wp-content\/uploads\/sites\/2\/2022\/05\/20220509_110153-1024x461.jpg\" alt=\"\" class=\"wp-image-10470\" srcset=\"https:\/\/cybersavoir4.cssdm.gouv.qc.ca\/bibliotheque\/wp-content\/uploads\/sites\/2\/2022\/05\/20220509_110153-1024x461.jpg 1024w, https:\/\/cybersavoir4.cssdm.gouv.qc.ca\/bibliotheque\/wp-content\/uploads\/sites\/2\/2022\/05\/20220509_110153-300x135.jpg 300w, https:\/\/cybersavoir4.cssdm.gouv.qc.ca\/bibliotheque\/wp-content\/uploads\/sites\/2\/2022\/05\/20220509_110153-768x346.jpg 768w, https:\/\/cybersavoir4.cssdm.gouv.qc.ca\/bibliotheque\/wp-content\/uploads\/sites\/2\/2022\/05\/20220509_110153-1536x691.jpg 1536w, https:\/\/cybersavoir4.cssdm.gouv.qc.ca\/bibliotheque\/wp-content\/uploads\/sites\/2\/2022\/05\/20220509_110153-2048x922.jpg 2048w\" sizes=\"auto, (max-width: 1024px) 100vw, 1024px\" \/><\/figure>\n\n\n\n<figure class=\"wp-block-image size-large\"><img loading=\"lazy\" decoding=\"async\" width=\"1024\" height=\"461\" data-id=\"10471\" src=\"https:\/\/cybersavoir4.cssdm.gouv.qc.ca\/bibliotheque\/wp-content\/uploads\/sites\/2\/2022\/05\/20220509_110506-1024x461.jpg\" alt=\"\" class=\"wp-image-10471\" srcset=\"https:\/\/cybersavoir4.cssdm.gouv.qc.ca\/bibliotheque\/wp-content\/uploads\/sites\/2\/2022\/05\/20220509_110506-1024x461.jpg 1024w, https:\/\/cybersavoir4.cssdm.gouv.qc.ca\/bibliotheque\/wp-content\/uploads\/sites\/2\/2022\/05\/20220509_110506-300x135.jpg 300w, https:\/\/cybersavoir4.cssdm.gouv.qc.ca\/bibliotheque\/wp-content\/uploads\/sites\/2\/2022\/05\/20220509_110506-768x346.jpg 768w, https:\/\/cybersavoir4.cssdm.gouv.qc.ca\/bibliotheque\/wp-content\/uploads\/sites\/2\/2022\/05\/20220509_110506-1536x691.jpg 1536w, https:\/\/cybersavoir4.cssdm.gouv.qc.ca\/bibliotheque\/wp-content\/uploads\/sites\/2\/2022\/05\/20220509_110506-2048x922.jpg 2048w\" sizes=\"auto, (max-width: 1024px) 100vw, 1024px\" \/><\/figure>\n\n\n\n<figure class=\"wp-block-image size-large\"><img loading=\"lazy\" decoding=\"async\" width=\"1024\" height=\"512\" data-id=\"11448\" src=\"https:\/\/cybersavoir4.cssdm.gouv.qc.ca\/bibliotheque\/wp-content\/uploads\/sites\/2\/2024\/06\/VueBR-1024x512.jpg\" alt=\"\" class=\"wp-image-11448\" srcset=\"https:\/\/cybersavoir4.cssdm.gouv.qc.ca\/bibliotheque\/wp-content\/uploads\/sites\/2\/2024\/06\/VueBR-1024x512.jpg 1024w, https:\/\/cybersavoir4.cssdm.gouv.qc.ca\/bibliotheque\/wp-content\/uploads\/sites\/2\/2024\/06\/VueBR-300x150.jpg 300w, https:\/\/cybersavoir4.cssdm.gouv.qc.ca\/bibliotheque\/wp-content\/uploads\/sites\/2\/2024\/06\/VueBR-768x384.jpg 768w, https:\/\/cybersavoir4.cssdm.gouv.qc.ca\/bibliotheque\/wp-content\/uploads\/sites\/2\/2024\/06\/VueBR-1536x768.jpg 1536w, https:\/\/cybersavoir4.cssdm.gouv.qc.ca\/bibliotheque\/wp-content\/uploads\/sites\/2\/2024\/06\/VueBR-2048x1024.jpg 2048w\" sizes=\"auto, (max-width: 1024px) 100vw, 1024px\" \/><\/figure>\n\n\n\n<figure class=\"wp-block-image size-large\"><img loading=\"lazy\" decoding=\"async\" width=\"768\" height=\"1024\" data-id=\"10495\" src=\"https:\/\/cybersavoir4.cssdm.gouv.qc.ca\/bibliotheque\/wp-content\/uploads\/sites\/2\/2022\/05\/20220518_141323-e1652988522857-768x1024.jpg\" alt=\"\" class=\"wp-image-10495\" srcset=\"https:\/\/cybersavoir4.cssdm.gouv.qc.ca\/bibliotheque\/wp-content\/uploads\/sites\/2\/2022\/05\/20220518_141323-e1652988522857-768x1024.jpg 768w, https:\/\/cybersavoir4.cssdm.gouv.qc.ca\/bibliotheque\/wp-content\/uploads\/sites\/2\/2022\/05\/20220518_141323-e1652988522857-225x300.jpg 225w, https:\/\/cybersavoir4.cssdm.gouv.qc.ca\/bibliotheque\/wp-content\/uploads\/sites\/2\/2022\/05\/20220518_141323-e1652988522857-1152x1536.jpg 1152w, https:\/\/cybersavoir4.cssdm.gouv.qc.ca\/bibliotheque\/wp-content\/uploads\/sites\/2\/2022\/05\/20220518_141323-e1652988522857-1536x2048.jpg 1536w, https:\/\/cybersavoir4.cssdm.gouv.qc.ca\/bibliotheque\/wp-content\/uploads\/sites\/2\/2022\/05\/20220518_141323-e1652988522857-scaled.jpg 1920w\" sizes=\"auto, (max-width: 768px) 100vw, 768px\" \/><\/figure>\n<\/figure>\n\n\n\n<h3 class=\"wp-block-heading alignwide is-style-default has-medium-font-size\"><strong>Pourquoi un Livroooum?<\/strong><\/h3>\n\n\n\n<div class=\"wp-block-columns alignwide is-layout-flex wp-container-core-columns-is-layout-2 wp-block-columns-is-layout-flex\">\n<div class=\"wp-block-column is-layout-flow wp-block-column-is-layout-flow\" style=\"flex-basis:100%\">\n<p class=\"has-text-align-left\" style=\"line-height:1.8\">Le Livroooum est une alternative temporaire au probl\u00e8me de fermetures de biblioth\u00e8ques scolaires que conna\u00eet le CSSDM en raison de sa surpopulation. Elle ne cherche aucunement \u00e0 remplacer la biblioth\u00e8que de l\u2019\u00e9cole et sa fermeture se fait toujours en dernier recours. Par exemple, pour ouvrir une classe suppl\u00e9mentaire. Dans le but de faire vivre l\u2019exp\u00e9rience de la biblioth\u00e8que \u00e0 ces \u00e9l\u00e8ves, l\u2019\u00e9quipe des biblioth\u00e9caires a mis sur pied le Livroooum. Un camion am\u00e9nag\u00e9 en biblioth\u00e8que et pouvant accueillir tous les groupes d\u2019une \u00e9cole. Sous forme de classe ext\u00e9rieure, les \u00e9l\u00e8ves sont accueillis par un-e biblioth\u00e9caire et empruntent des livres pour une dur\u00e9e d\u2019un mois, parmi un fonds documentaire de plus de 15&nbsp;000 documents. Les p\u00e9riodes permettent de d\u00e9velopper des comp\u00e9tences disciplinaires vari\u00e9es, en plus de mod\u00e9liser certaines pratiques.<\/p>\n<\/div>\n<\/div>\n\n\n\n<h3 class=\"wp-block-heading alignwide has-medium-font-size\"><strong>Quel est le fonctionnement?<\/strong><\/h3>\n\n\n\n<div class=\"wp-block-media-text alignwide is-stacked-on-mobile is-vertically-aligned-center\" style=\"grid-template-columns:42% auto\"><figure class=\"wp-block-media-text__media\"><img loading=\"lazy\" decoding=\"async\" width=\"876\" height=\"499\" src=\"http:\/\/cybersavoir4.cssdm.gouv.qc.ca\/bibliotheque\/wp-content\/uploads\/sites\/2\/2024\/03\/Vignette-livroooum.png\" alt=\"\" class=\"wp-image-11325 size-full\" srcset=\"https:\/\/cybersavoir4.cssdm.gouv.qc.ca\/bibliotheque\/wp-content\/uploads\/sites\/2\/2024\/03\/Vignette-livroooum.png 876w, https:\/\/cybersavoir4.cssdm.gouv.qc.ca\/bibliotheque\/wp-content\/uploads\/sites\/2\/2024\/03\/Vignette-livroooum-300x171.png 300w, https:\/\/cybersavoir4.cssdm.gouv.qc.ca\/bibliotheque\/wp-content\/uploads\/sites\/2\/2024\/03\/Vignette-livroooum-768x437.png 768w\" sizes=\"auto, (max-width: 876px) 100vw, 876px\" \/><\/figure><div class=\"wp-block-media-text__content\">\n<p style=\"line-height:1.8\">Chaque mois, le camion s\u2019installe dans la cour d&rsquo;\u00e9cole durant quelques jours afin de recevoir toutes les classes. Les usagers bouquinent \u00e0 m\u00eame le camion puis s\u2019installent confortablement \u00e0 l&rsquo;ext\u00e9rieur.&nbsp;Le Livroooum, c&rsquo;est bien plus qu&rsquo;un camion-livres! Un-e biblioth\u00e9caire sur place accueille les \u00e9l\u00e8ves et les accompagne dans leurs s\u00e9lections en plus d&rsquo;animer la lecture. Ces expert-e-s en litt\u00e9rature jeunesse savent \u00e9galement guider les enseignant-e-s vers des \u0153uvres litt\u00e9raires capables de soutenir un dispositif en lecture ou en \u00e9criture.<\/p>\n<\/div><\/div>\n\n\n\n<h3 class=\"wp-block-heading alignwide has-medium-font-size\"><strong>Et l&rsquo;hiver?<\/strong><\/h3>\n\n\n\n<div class=\"wp-block-columns alignwide is-layout-flex wp-container-core-columns-is-layout-3 wp-block-columns-is-layout-flex\">\n<div class=\"wp-block-column is-layout-flow wp-block-column-is-layout-flow\" style=\"flex-basis:100%\">\n<p style=\"line-height:1.8\">Par temps froids (novembre \u00e0 avril), les livres sont livr\u00e9s dans les \u00e9coles. Chaque classe re\u00e7oit un bac pouvant contenir jusqu&rsquo;\u00e0 30 livres pour une dur\u00e9e d&rsquo;un mois. De plus, chaque bac de livres contient des lectures interactives pour les enseignants.<\/p>\n<\/div>\n<\/div>\n\n\n\n<h3 class=\"wp-block-heading alignwide has-medium-font-size\"><strong>Quels sont les crit\u00e8res de s\u00e9lection?<\/strong><\/h3>\n\n\n\n<div class=\"wp-block-columns alignwide is-layout-flex wp-container-core-columns-is-layout-4 wp-block-columns-is-layout-flex\">\n<div class=\"wp-block-column is-layout-flow wp-block-column-is-layout-flow\" style=\"flex-basis:100%\">\n<p style=\"line-height:1.8\">Le Livroooum est offert en priorit\u00e9 aux \u00e9coles dont l&rsquo;acc\u00e8s aux livres est le plus compromis. Des crit\u00e8res tels que la proximit\u00e9 avec la biblioth\u00e8que municipale, la pr\u00e9sence du livre \u00e0 la maison et le projet \u00e9ducatif de l&rsquo;\u00e9cole sont d\u00e9terminants. Le service est offert pour la dur\u00e9e d&rsquo;un projet \u00e9ducatif. Par la suite, le service est offert \u00e0 de nouvelles \u00e9coles.<\/p>\n\n\n\n<p style=\"line-height:1.8\">Les crit\u00e8res ont \u00e9t\u00e9 \u00e9tablis en comit\u00e9 par les membres de la&nbsp;<em>Table des partenaires<\/em> des Services \u00e0 l\u2019\u00e9l\u00e8ve et le Service des biblioth\u00e8ques.<\/p>\n\n\n\n<p>En 2024-2025, le service sera offert aux nouvelles \u00e9coles suivantes&nbsp; :<\/p>\n\n\n\n<ul class=\"wp-block-list\">\n<li>Marguerite-Bourgeoys<\/li>\n\n\n\n<li>Saint-Jean-de-Matha<\/li>\n\n\n\n<li>Saint-Pascal-Baylon<\/li>\n\n\n\n<li>Saint-Paul-de-la-Croix<\/li>\n\n\n\n<li>Saint-Simon-Ap\u00f4tre<\/li>\n\n\n\n<li>Simonne-Monet<\/li>\n<\/ul>\n<\/div>\n<\/div>\n\n\n\n<h2 class=\"wp-block-heading alignwide has-large-font-size\"><strong>Quelques consignes avant votre visite au Livroooum!<\/strong><\/h2>\n\n\n\n<div class=\"wp-block-columns alignwide is-layout-flex wp-container-core-columns-is-layout-5 wp-block-columns-is-layout-flex\">\n<div class=\"wp-block-column is-layout-flow wp-block-column-is-layout-flow\">\n<figure class=\"wp-block-embed alignleft is-type-video is-provider-youtube wp-block-embed-youtube wp-embed-aspect-16-9 wp-has-aspect-ratio\"><div class=\"wp-block-embed__wrapper\">\n<iframe loading=\"lazy\" title=\"C&#039;est quoi le Livroooum?\" width=\"500\" height=\"281\" src=\"https:\/\/www.youtube.com\/embed\/oNqRiuLR6h0?feature=oembed\" frameborder=\"0\" allow=\"accelerometer; autoplay; clipboard-write; encrypted-media; gyroscope; picture-in-picture; web-share\" referrerpolicy=\"strict-origin-when-cross-origin\" allowfullscreen><\/iframe>\n<\/div><\/figure>\n<\/div>\n\n\n\n<div class=\"wp-block-column is-layout-flow wp-block-column-is-layout-flow\"><\/div>\n<\/div>\n\n\n\n<div style=\"height:20px\" aria-hidden=\"true\" class=\"wp-block-spacer\"><\/div>\n\n\n\n<h3 class=\"wp-block-heading alignwide has-medium-font-size\"><strong>Projet r\u00e9alis\u00e9 par l&rsquo;\u00e9quipe des biblioth\u00e9caires au Bureau des services \u00e9ducatifs compl\u00e9mentaires du CSSDM<\/strong><\/h3>\n\n\n\n<div class=\"wp-block-columns alignwide is-layout-flex wp-container-core-columns-is-layout-6 wp-block-columns-is-layout-flex\">\n<div class=\"wp-block-column is-layout-flow wp-block-column-is-layout-flow\" style=\"flex-basis:100%\">\n<p class=\"has-link-color wp-elements-f2eabca0e5aeb044327f04f8ddb33f47\">Viviane Morin, charg\u00e9e de projet&nbsp;<a href=\"mailto:morin.v@csdm.qc.ca\" target=\"_blank\" rel=\"noopener\">morin.v@csdm.qc.ca&nbsp;<\/a><\/p>\n<\/div>\n<\/div>\n\n\n\n<h3 class=\"wp-block-heading alignwide has-medium-font-size\"><strong>Fiers r\u00e9cipiendaires du prix de reconnaissance en lecture 2023-24<\/strong><\/h3>\n\n\n\n<div class=\"wp-block-media-text alignwide is-stacked-on-mobile\"><figure class=\"wp-block-media-text__media\"><img loading=\"lazy\" decoding=\"async\" width=\"1024\" height=\"683\" src=\"http:\/\/cybersavoir4.cssdm.gouv.qc.ca\/bibliotheque\/wp-content\/uploads\/sites\/2\/2024\/06\/DSC_9628Normand_Huberdeau_Groupe_NH_Photographes_-1024x683.jpg\" alt=\"\" class=\"wp-image-11443 size-full\" srcset=\"https:\/\/cybersavoir4.cssdm.gouv.qc.ca\/bibliotheque\/wp-content\/uploads\/sites\/2\/2024\/06\/DSC_9628Normand_Huberdeau_Groupe_NH_Photographes_-1024x683.jpg 1024w, https:\/\/cybersavoir4.cssdm.gouv.qc.ca\/bibliotheque\/wp-content\/uploads\/sites\/2\/2024\/06\/DSC_9628Normand_Huberdeau_Groupe_NH_Photographes_-300x200.jpg 300w, https:\/\/cybersavoir4.cssdm.gouv.qc.ca\/bibliotheque\/wp-content\/uploads\/sites\/2\/2024\/06\/DSC_9628Normand_Huberdeau_Groupe_NH_Photographes_-768x512.jpg 768w, https:\/\/cybersavoir4.cssdm.gouv.qc.ca\/bibliotheque\/wp-content\/uploads\/sites\/2\/2024\/06\/DSC_9628Normand_Huberdeau_Groupe_NH_Photographes_-1536x1024.jpg 1536w, https:\/\/cybersavoir4.cssdm.gouv.qc.ca\/bibliotheque\/wp-content\/uploads\/sites\/2\/2024\/06\/DSC_9628Normand_Huberdeau_Groupe_NH_Photographes_-2048x1365.jpg 2048w\" sizes=\"auto, (max-width: 1024px) 100vw, 1024px\" \/><\/figure><div class=\"wp-block-media-text__content\">\n<p><span style=\"font-size: 8pt\">De gauche \u00e0 droite : Audrey Leblanc, Viviane Morin, Heidy Guzman et Dominique Malchelosse<\/span><\/p>\n\n\n\n<p class=\"has-link-color wp-elements-1b587e705b0fbb5f16d86e2f2a1ad2b6\">Prix d\u00e9cern\u00e9 par <a href=\"https:\/\/apsds.org\/\" target=\"_blank\" rel=\"noreferrer noopener\">l&rsquo;APSDS<\/a> et le <a href=\"https:\/\/www.education.gouv.qc.ca\/accueil\" target=\"_blank\" rel=\"noreferrer noopener\">Minist\u00e8re de l&rsquo;\u00c9ducation du Qu\u00e9bec<\/a><\/p>\n<\/div><\/div>\n\n\n\n<h3 class=\"wp-block-heading alignwide has-medium-font-size\"><strong>\u0152uvre d&rsquo;art<\/strong><\/h3>\n\n\n\n<div class=\"wp-block-columns alignwide is-layout-flex wp-container-core-columns-is-layout-7 wp-block-columns-is-layout-flex\">\n<div class=\"wp-block-column is-layout-flow wp-block-column-is-layout-flow\" style=\"flex-basis:100%\">\n<p>\u0152uvre r\u00e9alis\u00e9e par le muraliste Marc-Olivier Lamothe.<\/p>\n<\/div>\n<\/div>\n\n\n\n<h3 class=\"wp-block-heading alignwide has-medium-font-size\"><strong>Couverture m\u00e9diatique<\/strong><\/h3>\n\n\n\n<div class=\"wp-block-columns alignwide is-layout-flex wp-container-core-columns-is-layout-8 wp-block-columns-is-layout-flex\">\n<div class=\"wp-block-column is-layout-flow wp-block-column-is-layout-flow\" style=\"flex-basis:100%\">\n<p class=\"has-link-color wp-elements-1702f7016520231fc7a2f6d6afc191f0\">2022, 14 octobre. Noovo :\u00a0<a href=\"https:\/\/www.noovo.info\/video\/un-camion-de-livres-pour-les-ecoles-sans-bibliotheque.html\" target=\"_blank\" rel=\"noreferrer noopener\">Un camion de livres pour les \u00e9coles sans biblioth\u00e8que | Noovo Info<\/a><\/p>\n<\/div>\n<\/div>\n\n\n\n<div class=\"wp-block-columns alignwide is-layout-flex wp-container-core-columns-is-layout-9 wp-block-columns-is-layout-flex\">\n<div class=\"wp-block-column is-layout-flow wp-block-column-is-layout-flow\" style=\"flex-basis:100%\">\n<p class=\"has-link-color wp-elements-197499961f06067872f87692acbb34e3\">2021, 15 octobre. Radio-Canada :&nbsp;<a href=\"https:\/\/ici.radio-canada.ca\/nouvelle\/1832081\/camion-bibliotheque-scolaire-livroooum-cssdm-montreal\" target=\"_blank\" rel=\"noopener\">Un camion remplacera la biblioth\u00e8que scolaire dans certaines \u00e9coles de Montr\u00e9al.<\/a><\/p>\n<\/div>\n<\/div>\n","protected":false},"excerpt":{"rendered":"<p>Le Livroooum ! Pourquoi un Livroooum? Le Livroooum est une alternative temporaire au probl\u00e8me de fermetures de biblioth\u00e8ques scolaires que conna\u00eet le CSSDM en raison de sa surpopulation. Elle ne cherche aucunement \u00e0 remplacer la biblioth\u00e8que de l\u2019\u00e9cole et sa fermeture se fait toujours en dernier recours. Par exemple, pour ouvrir une classe suppl\u00e9mentaire. Dans [&hellip;]<\/p>\n","protected":false},"author":0,"featured_media":1,"parent":0,"menu_order":0,"comment_status":"closed","ping_status":"closed","template":"","meta":{"footnotes":""},"class_list":["post-10034","page","type-page","status-publish","has-post-thumbnail","hentry"],"_links":{"self":[{"href":"https:\/\/cybersavoir4.cssdm.gouv.qc.ca\/bibliotheque\/wp-json\/wp\/v2\/pages\/10034","targetHints":{"allow":["GET"]}}],"collection":[{"href":"https:\/\/cybersavoir4.cssdm.gouv.qc.ca\/bibliotheque\/wp-json\/wp\/v2\/pages"}],"about":[{"href":"https:\/\/cybersavoir4.cssdm.gouv.qc.ca\/bibliotheque\/wp-json\/wp\/v2\/types\/page"}],"replies":[{"embeddable":true,"href":"https:\/\/cybersavoir4.cssdm.gouv.qc.ca\/bibliotheque\/wp-json\/wp\/v2\/comments?post=10034"}],"version-history":[{"count":16,"href":"https:\/\/cybersavoir4.cssdm.gouv.qc.ca\/bibliotheque\/wp-json\/wp\/v2\/pages\/10034\/revisions"}],"predecessor-version":[{"id":12987,"href":"https:\/\/cybersavoir4.cssdm.gouv.qc.ca\/bibliotheque\/wp-json\/wp\/v2\/pages\/10034\/revisions\/12987"}],"wp:featuredmedia":[{"embeddable":true,"href":"https:\/\/cybersavoir4.cssdm.gouv.qc.ca\/bibliotheque\/wp-json\/"}],"wp:attachment":[{"href":"https:\/\/cybersavoir4.cssdm.gouv.qc.ca\/bibliotheque\/wp-json\/wp\/v2\/media?parent=10034"}],"curies":[{"name":"wp","href":"https:\/\/api.w.org\/{rel}","templated":true}]}}